hat is 1100011110100 (base 2) in base 7?
24424
-27827 (base 9) to base 5
-1101043
Convert dc4 (base 14) to base 2.
101010100000
Convert c3c2 (base 13) to base 10.
27029
-1151 (base 7) to base 15
-1d8
Convert 2311 (base 6) to base 16.
223
-10003323 (base 4) to base 8
-40373
-7b55 (base 14) to base 5
-1141224
Convert -15205 (base 7) to base 8.
-10173
-3ba (base 12) to base 15
-284
Convert 271b (base 13) to base 6.
41533
What is -4323 (base 6) in base 9?
-1316
What is -1034222 (base 5) in base 2?
-100011010001110
Convert 157 (base 15) to base 13.
1a8
What is -1202010021 (base 3) in base 7?
-202102
Convert -1406 (base 12) to base 16.
-906
-50 (base 6) to base 8
-36
What is 22022 (base 4) in base 3?
220002
What is 112010 (base 3) in base 5?
3011
770 (base 8) to base 4
13320
Convert -32ec (base 16) to base 11.
-9881
What is 421 (base 7) in base 6?
551
Convert -222123 (base 4) to base 5.
-41330
-116 (base 14) to base 3
-22000
c6 (base 16) to base 3
21100
Convert 752 (base 15) to base 9.
2235
-1002 (base 7) to base 8
-531
7c7 (base 14) to base 7
4340
100101010101 (base 2) to base 7
6652
-302201 (base 6) to base 9
-35621
35223 (base 6) to base 7
20511
What is 23230 (base 4) in base 10?
748
12330 (base 5) to base 4
33011
What is -111331 (base 4) in base 13?
-841
Convert -2701 (base 10) to base 7.
-10606
Convert 6650 (base 12) to base 3.
120111020
-122303 (base 4) to base 11
-131a
Convert 147 (base 9) to base 14.
8c
What is -28712 (base 10) in base 16?
-7028
Convert 573 (base 12) to base 5.
11212
2413 (base 8) to base 3
1202211
1964 (base 11) to base 7
10155
13407 (base 10) to base 15
3e8c
What is 9ab3 (base 12) in base 6?
211143
What is 250a3 (base 11) in base 8?
106322
Convert -211212222 (base 3) to base 15.
-4e25
fffc (base 16) to base 12
31b10
Convert 11010010001010 (base 2) to base 8.
32212
-269 (base 13) to base 8
-651
What is -10011110110 (base 2) in base 10?
-1270
What is a4 (base 15) in base 13?
bb
Convert -56603 (base 7) to base 11.
-a875
What is 658 (base 12) in base 9?
1245
What is -542 (base 6) in base 5?
-1311
a502 (base 11) to base 13
6447
What is -11000000010 (base 2) in base 12?
-a82
c9 (base 13) to base 2
10100101
What is -2a1 (base 16) in base 6?
-3041
Convert 726 (base 16) to base 7.
5223
What is -1000010 (base 2) in base 15?
-46
38c8 (base 13) to base 5
224412
1 (base 4) to base 10
1
What is -10328 (base 11) in base 8?
-35272
Convert 4434 (base 8) to base 14.
bc8
What is -b29b (base 12) in base 3?
-222122002
Convert -2d0 (base 14) to base 6.
-2354
Convert -36865 (base 9) to base 12.
-123b8
What is -19385 (base 11) in base 14?
-9c20
What is -1224 (base 6) in base 11?
-257
What is 110110000001 (base 2) in base 13?
175c
What is -345 (base 12) in base 10?
-485
Convert -56a (base 11) to base 7.
-1662
What is ac17 (base 14) in base 13?
10754
Convert -1101010100011011 (base 2) to base 3.
-2202211120
What is 22366 (base 9) in base 5?
434013
1245 (base 10) to base 14
64d
What is -1010110 (base 2) in base 8?
-126
What is -198 (base 15) in base 13?
-224
What is -2016 (base 14) in base 8?
-12604
Convert -5ab (base 12) to base 5.
-11401
-27771 (base 8) to base 4
-2333321
What is 2300100 (base 5) in base 9?
61676
Convert 2443202 (base 5) to base 7.
253041
What is -2455 (base 8) in base 16?
-52d
What is 12068 (base 9) in base 2?
1111110010001
Convert 10001021 (base 3) to base 13.
101b
Convert 43 (base 15) to base 8.
77
What is 59a (base 11) in base 13?
42c
2450 (base 6) to base 7
1524
1507 (base 9) to base 13
69a
-682 (base 12) to base 8
-1702
What is -13312 (base 7) in base 16?
-e02
What is 1103c (base 13) in base 10?
30809
-5714 (base 8) to base 3
-11010212
What is 3688 (base 12) in base 5?
144102
What is -1110110111011 (base 2) in base 9?
-11386
What is 1100100001 (base 2) in base 15?
386
What is -10 (base 3) in base 8?
-3
13100002 (base 4) to base 15
8bed
Convert 107b (base 12) to base 8.
3437
-3499 (base 12) to base 15
-1b1c
Convert 1504 (base 6) to base 13.
24a
Convert -11610 (base 7) to base 2.
-101111100101
-35a9 (base 11) to base 8
-11155
Convert -3128 (base 13) to base 6.
-51242
-3556 (base 13) to base 7
-30613
Convert 4b4 (base 12) to base 8.
1310
Convert -1101111001111001 (base 2) to base 11.
-39876
What is -35702 (base 9) in base 4?
-11311121
7049 (base 10) to base 14
27d7
210220 (base 3) to base 8
1117
d0d (base 15) to base 5
43223
Convert -486 (base 9) to base 2.
-110010010
Convert 21243 (base 5) to base 6.
10412
Convert 111100110 (base 2) to base 15.
226
What is 13 (base 10) in base 13?
10
-4336 (base 12) to base 14
-2998
What is -2031203 (base 4) in base 12?
-52ab
Convert 21002 (base 4) to base 7.
1454
-9d59 (base 16) to base 2
-1001110101011001
What is 1101110011010001 (base 2) in base 8?
156321
1666 (base 7) to base 9
841
What is -3234 (base 5) in base 4?
-12330
What is -36012 (base 9) in base 13?
-ac55
Convert -2511 (base 10) to base 11.
-1983
What is 10100011101 (base 2) in base 14?
697
Convert 16088 (base 13) to base 12.
2027b
-1b8 (base 14) to base 11
-2a6
Convert -291e (base 15) to base 11.
-6684
-12120 (base 6) to base 4
-123300
Convert c5 (base 15) to base 12.
135
Convert -1800 (base 10) to base 13.
-a86
-52361 (base 8) to base 11
-15379
What is -100101010 (base 2) in base 4?
-10222
3a7 (base 12) to base 5
4214
What is 12daa (base 15) in base 14?
18068
Convert -311342 (base 5) to base 9.
-15017
30342 (base 7) to base 14
2992
What is 1101100000 (base 2) in base 10?
864
Convert 3b4b (base 16) to base 14.
5763
What is -110110101001 (base 2) in base 9?
-4715
What is 28882 (base 9) in base 12?
b478
-430 (base 8) to base 10
-280
What is a9ab (base 14) in base 11?
20067
What is -1133233 (base 5) in base 4?
-11021030
Convert -12581 (base 13) to base 10.
-33905
What is -1a43 (base 14) in base 10?
-4763
-2997 (base 10) to base 2
-101110110101
What is 1112 (base 6) in base 14?
148
What is -1201 (base 6) in base 11?
-243
13030 (base 8) to base 14
20c0
Convert 1322123 (base 5) to base 8.
63652
What is -160d (base 15) in base 9?
-6444
Convert -113a (base 11) to base 13.
-8b0
Convert 11132312 (base 4) to base 9.
33718
Convert 14264 (base 8) to base 10.
6324
Convert -103305 (base 6) to base 10.
-8537
Convert 5678 (base 9) to base 13.
1bb3
Convert 2212021 (base 3) to base 7.
6040
Convert -de8 (base 16) to base 3.
-11212212
37 (base 9) to base 15
24
What is 1299 (base 14) in base 8?
6307
Convert -4322 (base 12) to base 11.
-55a0
Convert -2413132 (base 5) to base 10.
-44792
-1445 (base 9) to base 5
-13334
108 (base 12) to base 3
12122
Convert -1000414 (base 5) to base 3.
-210120202
Convert -101011010 (base 2) to base 3.
-110211
413 (base 14) to base 12
569
What is 21a34 (base 11) in base 13?
1166a
Convert 1000 (base 5) to base 8.
175
What is 313 (base 9) in base 10?
255
27687 (base 11) to base 8
114774
Convert -34042 (base 9) to base 4.
-11201231
Convert 248 (base 11) to base 2.
100100110
-32335 (base 7) to base 16
-1f7e
What is -42044 (base 7) in base 6?
-115442
What is -222002 (base 3) in base 10?
-704
What is -9643 (base 13) in base 5?
-1131332
234 (base 16) to base 11
473
205 (base 9) to base 2
10100111
What is a24 (base 15) in base 9?
3117
-63204 (base 7) to base 8
-36261
Convert -3071 (base 8) to base 11.
-1219
91 (base 15) to base 9
161
What is 11100201 (base 3) in base 7?
12160
Convert -166171 (base 8) to base 9.
-102033
Convert 483a (base 13) to base 15.
3044
Convert -221443 (base 6) to base 2.
-100100001100011
Convert -23231 (base 5) to base 3.
-2022122
Convert -40216 (base 7) to base 5.
-302330
Convert -22250 (base 9) to base 7.
-61053
-16174 (base 9) to base 14
-4079
-13003 (base 4) to base 3
-121201
-777 (base 13) to base 6
-5533
-384 (base 16) to base 4
-32010
-122511 (base 6) to base 7
-44014
What is -4233 (base 6) in base 10?
-957
-10670 (base 8) to base 16
-11b8
What is -12101131 (base 4) in base 16?
-645d
Convert -375 (base 10) to base 8.
-567
Convert -11a (base 12) to base 3.
-20011
261 (base 11) to base 5
2214
30 (base 11) to base 12
29
What is -200011211 (base 3) in base 11?
-9a58
-1124203 (base 5) to base 3
-1001012020
-3060 (base 9) to base 7
-6351
What is 340 (base 9) in base 11?
234
47 (base 12) to base 15
3a
What is -621b (base 16) in base 15?
-7695
Convert 15451 (base 6) to base 16.
9f7
What is 15262 (base 7) 